at is the units digit of m?
0
Let d = 47 - 50. What is the hundreds digit of d/12 - 906/(-8)?
1
What is the hundreds digit of (-7)/(63/(-11226)) + (-48)/36?
2
Suppose 5*v - 215 = 3*q + 52, 2*v = 3*q + 258. Let d be -4*(q/(-16) + -3). Let h = d + 43. What is the tens digit of h?
3
Let t(i) = 5*i**2 + 227*i - 13. What is the tens digit of t(-60)?
6
Let u = 1 + 135. What is the hundreds digit of u?
1
Suppose 5*j + 4 = v + 12, j = 0. What is the units digit of (-61 + 1)*12/v?
0
Let z(c) be the third derivative of -19*c**4/12 + c**3/6 - 29*c**2. What is the tens digit of z(-2)?
7
Suppose 0 = -4*u + 3*n + 4194, -3*n = -2*u + 2510 - 410. What is the hundreds digit of u?
0
What is the tens digit of -1*(0 - 6 - -1537)*-1?
3
Let l = -5 + -2. Let c(v) = -v + 6. Let o be c(l). Suppose -2*b + o = -47. What is the units digit of b?
0
Let r be (96/(-20))/((-3)/30). Suppose 0 = 3*d + 3*v - 6*v + r, -d + 2*v - 11 = 0. Let g = 46 + d. What is the tens digit of g?
2
Suppose -3*j + 4*h = -13646, 4682 = -3*j - h + 18348. What is the tens digit of j?
5
Let u = 8 + 9. Let f(l) = -u*l - 4*l + 0*l - 2. What is the tens digit of f(-1)?
1
Let r be 5*((-218)/10 - (-3 - -2)). Let z be 2 + -1 + 219/(-3). Let s = z - r. What is the tens digit of s?
3
Let g(v) = -23*v - 1. Let p be g(1). Let f be (-8)/p*12/2. Suppose 5*a = -10, f = 4*q - 2*q + 2*a. What is the units digit of q?
3
Let h = 61 + -60. What is the units digit of 2 - (-3 + h - -4) - -3?
3
Let h be 1 + 18/4 + 12/(-8). Suppose 0 = -h*b - 2*l + 130, -4*b + 4*l + 143 = b. What is the tens digit of b?
3
Suppose -j = 3, i = 3*i + 2*j - 4. Suppose -z + i*a + 5 = 19, 4*a = -2*z - 14. Let q(g) = g**2 + 3*g - 1. What is the tens digit of q(z)?
5
Let p(c) = c**3 + 8*c**2 - 28*c + 10. What is the units digit of p(5)?
5
Let f = -12 - -70. What is the tens digit of f?
5
Let x(w) = 2*w**2 + w - 5. Suppose 10*y - 6*y = -32. What is the units digit of x(y)?
5
Let h(z) = z**3 + 2*z**2 + 2*z. Let o be h(-2). Let p = 86 - o. What is the tens digit of p?
9
Let w(m) = m**3 - 8*m**2 + 2*m + 2. Let d be w(8). What is the hundreds digit of (-2 + (-15)/(-2))*d + 1?
1
Let u = -16 - -141. What is the hundreds digit of u?
1
What is the tens digit of (-120)/(-16)*190/15?
9
Let b(m) = 5*m**2 + 1. Let u(a) = a**3 - a**2 + a. Let v(q) = -b(q) - 2*u(q). Let s be v(-3). What is the units digit of s + (4 - 2) + 1?
5
Suppose -2*z - 5*c = 17, -c = -2*z + c + 18. Let g be 3582/81 + z/(-18). Suppose 3*s + s = g. What is the tens digit of s?
1
What is the thousands digit of 1865 + (-2 - 3)*(13 + -12)?
1
Let y = -65 - -53. Let f(o) = -2*o + 26. What is the tens digit of f(y)?
5
Let l = -13 - -2. Let d(i) = i**3 + 11*i**2 - i + 8. What is the tens digit of d(l)?
1
Let k(c) = -3*c**3 + 5*c + 8. Let a(q) = 5*q**3 - 10*q - 15. Let j(z) = -6*a(z) - 11*k(z). Let l be j(-4). What is the tens digit of 6/12 - l/4?
5
Let y(w) = 34*w**3 + 4*w**2 + 15*w - 49. What is the thousands digit of y(4)?
2
Let a(s) = 35*s**2 - 3*s + 7. Let h(g) = -g**2 - 1. Let x(z) = a(z) + 3*h(z). What is the units digit of x(2)?
6
Let j = 982 - 203. What is the hundreds digit of j?
7
Suppose 42*r - 37*r - u - 12819 = 0, 0 = 4*u - 4. What is the units digit of r?
4
Let m = -22 + 59. Let w = 12 + -25. Let a = w + m. What is the tens digit of a?
2
Let l = 16 + -24. Let k(p) = p. Let b be k(l). What is the tens digit of ((-140)/6)/(b/12)?
3
Let z(m) = 2*m**2 + 11*m + 14. What is the units digit of z(11)?
7
Suppose 0 = 12*n - 10*n - 352. Suppose n = z + z. What is the tens digit of z?
8
Let g(t) = 19*t - 40. Let q(z) = z + 8. Let m be q(-2). What is the units digit of g(m)?
4
Suppose 3*v - f = -5*f + 786, 5*v = 5*f + 1310. What is the hundreds digit of v + 6/(-12)*4?
2
Let g(q) = 19 - 19 - 10 - 11*q. What is the units digit of g(-7)?
7
Let l(g) = 10*g**2 + 8*g - 64. What is the tens digit of l(-9)?
7
Let z(s) = 50*s - 4. Let k be z(2). Suppose 2*q + k = 2*n, n + 2*q + 4 - 40 = 0. What is the units digit of n?
4
Suppose 9*p + 74 = 857. What is the units digit of p?
7
Let i be (14/2)/((-4)/148). Let x = i - -444. What is the tens digit of x?
8
Let r(p) = 2*p - 5. Let v be r(5). Suppose 0*k + v*k = 170. Let a = -22 + k. What is the tens digit of a?
1
Let u(l) = l**3 + 8*l**2 - 9*l + 2. Let f be u(-9). Let a(y) = -15*y + 4. Let n be a(f). Let b = n - -33. What is the units digit of b?
7
Suppose -15*k + 4000 = -6815. What is the units digit of k?
1
Let x(u) = -u**3 - u + 1. Let a(l) = -2*l**3 + 4*l**2 + 6*l. Let y(g) = a(g) - x(g). What is the units digit of y(5)?
9
What is the hundreds digit of (-29225)/(-40) - (105/40)/(-7)?
7
Let q(s) = -6*s**2 + s - 1. Let f be q(1). Let t be 1/(f/8 - -1). Suppose -3*g = t - 19. What is the units digit of g?
5
Suppose -4*p + u - 330 = 0, 2*p - 2*u = -2*p - 332. Let j = -15 - p. What is the units digit of j?
7
Suppose 4*t + 14 = -5*j + 1, -5*j = -15. Let m = -2 - t. Let c = m - -6. What is the tens digit of c?
1
Suppose -4*j + 4*n = -9232, 0 = 23*j - 24*j - 4*n + 2308. What is the hundreds digit of j?
3
Let s(v) = v**2 - 12*v + 2. Let m be s(12). Suppose -m*k + 64 - 12 = 0. Suppose -27 = -3*f + 2*j, f - k = -4*j - 3. What is the units digit of f?
1
Suppose 0 = 34*w - 53*w + 16625. What is the units digit of w?
5
Suppose 9*d = -9*d + 7488. What is the hundreds digit of d?
4
Let c = -302 - -449. Let y = -78 + c. What is the tens digit of y?
6
Let n = 106 - 97. Let h(o) = -o**3 + 10*o**2 + 12*o - 12. What is the hundreds digit of h(n)?
1
Suppose -3*o = -4*i + 193, 0 = i + o + 5 - 55. Let g = i - 29. What is the units digit of g?
0
Suppose w + 5 = t, 3*w + 0*w - 4*t = -12. Let r(h) be the second derivative of -h**5/20 - 7*h**4/12 + 2*h**3/3 - 3*h**2 - h. What is the units digit of r(w)?
6
Let u = 432 - 231. What is the units digit of u?
1
Suppose -196 = -s + 270. What is the units digit of s?
6
Let s be (18/27)/(4/30). Suppose -1 = 2*o + 9, -25 = -s*f + 2*o. Suppose f*z - 88 = 155. What is the units digit of z?
1
Suppose -10*q - 3304 = -8534. What is the tens digit of q?
2
What is the units digit of (-10)/3 + (-16)/24 + 491?
7
Suppose 2593 + 955 = 4*k + 5*q, -4*k + 3*q + 3548 = 0. What is the units digit of k?
7
Suppose 6*o - 2*o = 24. What is the units digit of (-188)/(-8) + 9/o?
5
Suppose o = -3*o. Suppose 2*b + 142 = 2*y, -302 = -o*y - 4*y - 5*b. What is the tens digit of y?
7
Let f be ((-12)/8)/(2/(-4)). Suppose -f*y = 2*y - 15. What is the units digit of (-1)/(57/(-18) + y)?
6
Let l(n) = n**2 + 4*n + 10. Let r be l(12). Suppose -7*v = 3*f - 2*v - r, -2*f + v + 126 = 0. What is the tens digit of f?
6
Suppose 6*j - 350 = 5*j + 2*h, 0 = -j + h + 350. What is the tens digit of j?
5
Let f(i) = 87*i**2 - 23*i + 1. What is the tens digit of f(-2)?
9
Suppose -3*w - 419 = -2*x, 5*x - 3*w = x + 853. Let f = x + -96. Suppose 3*m = f - 37. What is the units digit of m?
8
Let a(z) be the first derivative of z**2/2 - 2. Let k be a(-2). Let v(n) = -4*n**3 - 2*n**2 - n + 2. What is the tens digit of v(k)?
2
Suppose 9*a - 1486 = -3*j + 10*a, 2471 = 5*j + 4*a. What is the units digit of j?
5
Let t(p) be the third derivative of -p**4/24 - 38*p**2. What is the units digit of t(-1)?
1
Let h = -13 + 1. What is the units digit of ((-117)/h)/((-3)/(-12))?
9
What is the tens digit of 4/(-10) - (-61111)/115?
3
Let q = 1006 + 2234. What is the tens digit of q?
4
Suppose 0 = 42*x - 38321 - 5317. What is the tens digit of x?
3
Let q = 2713 - 1516. What is the hundreds digit of q?
1
Suppose -2*g + 18 = 2*g + 2*n, -11 = -3*g - 4*n. Suppose -u = -g*j + 151, -4*j = u - 45 - 74. Suppose j = 2*c - c. What is the tens digit of c?
3
Let z(d) = -d - 7. Let l(s) = -s + 4. Let b be l(9). Let y be z(b). What is the units digit of 0 + y + (4 - 1)?
1
Let x(y) = 6*y + 290. Let i be x(-48). Let k(u) = u**2 - 3*u - 6. Let f be k(6). Suppose -74 = -2*t + i*a, -2*a = -t - 6*a + f. What is the units digit of t?
2
Suppose -288 = -3*t - 4*j + 3, 4*t - 413 = 3*j. What is the tens digit of t?
0
Suppose 5*u = 0, 0 = -l + 5*l - 4*u - 1732. What is the tens digit of l?
3
Let p(j) = -j**3 - 6*j**2 + 6*j + 11. Let d be p(-5). Let w = d - -124. Let a = w + -38. What is the units digit of a?
2
Suppose -5*t - 5*o = 30 + 20, 2*t - 8 = 5*o. What is the tens digit of 24 - 2*3/t?
2
Let r(a) = 3*a + 27. Let q be r(-11). L